 s(k) = 2*k**2 - 5. Let y be s(-4). Let b = -19 + y. Let g(m) = -m + 7. Let i be g(b). Let d(w) = 6*w**2. Calculate d(i).
6
Let b(x) = 6*x - 21. Let s be b(5). Let r(c) = 8*c - 13*c**2 + 12*c**2 + 0*c**2. Give r(s).
-9
Let w(b) be the first derivative of -b**3/3 + b**2 - 2*b - 68. What is w(3)?
-5
Let f(i) = i**2 + i. Let q be 5*-1 + 1 + 3. Let p be f(q). Let a(h) = h**3 - h**2 - h - 4. What is a(p)?
-4
Let b(w) = -w + 1. Let g be b(-13). Let j be 14/21 + g/6. Let i(y) be the third derivative of -y**5/60 + 5*y**4/24 - y**3/2 + 3*y**2 - 6. Give i(j).
3
Let j(k) = 0*k + 2*k**2 + 4*k**2 - k**3 + 174 - 180 - 4*k. Calculate j(5).
-1
Suppose -5*l + 5*t = -15, 3 = 14*l - 12*l - 3*t. Let y(f) = f + 1. Give y(l).
7
Let b(v) be the first derivative of -13*v**2/2 + 805. Determine b(-6).
78
Let x(d) = -4*d + 4. Let q = 0 + 1. Let a(l) = -1. Let f(w) = q*x(w) + 6*a(w). Let g = -221 + 219. Calculate f(g).
6
Let g(p) = -6*p**2 + 2*p - 1. Let y be (2 - -286)/4 + 0 + -2. Let n = y + -68. What is g(n)?
-21
Let w(d) = d**3 - 3*d**2 - 3*d - 5. Let h be w(4). Let r(c) = 3*c + 50*c**2 - 4*c - 51*c**2. Let u be r(h). Let g(z) = -z**2 - z - 11. Determine g(u).
-11
Let s(p) be the first derivative of -p**3/3 - p**2/2 - p + 1. Let g = -226 + 224. What is s(g)?
-3
Let f be ((-4)/(-12))/((-2)/(-6)). Let w = 2 + f. Suppose 0 = -0*o - w*o + 18. Let n(i) = i**3 - 7*i**2 + 7*i - 8. Determine n(o).
-2
Let g(l) = -l**2 + 12*l - 30. Let w be g(7). Let d(u) be the first derivative of -1/2*u**2 + 5*u - w. What is d(0)?
5
Let m(s) be the third derivative of -s**8/3360 - s**7/840 - s**6/360 - s**5/60 - s**4/12 - 10*s**2. Let x(d) be the second derivative of m(d). Give x(-2).
6
Let s(x) = -x + 3. Let i = -9 + 13. Let h be i - 2 - 3/3. Suppose -7 = -4*c + h. Determine s(c).
1
Suppose -3*g = 5*d - 7*g + 1, -d + 19 = 4*g. Let j(q) = 3*q + 0*q**d - 6 + 3 - 4*q**2 + q**3. What is j(2)?
-5
Let y(n) = 18 + 2381*n**2 - 2380*n**2 - 43 - 16*n. Give y(17).
-8
Let h(v) = 6*v + 2. Let g be h(1). Let s(z) = 28*z + 2 - 27*z - g. Give s(0).
-6
Suppose 265*q - 270*q = 30. Let c(w) = 2*w**3 + 14*w**2 + 8*w - 13. Give c(q).
11
Let s be (-1 + 3/5)*-90. Let j be 4/14 - s/(-21). Let u(m) = -m**2 + 5*m - 17. Let g(d) = -d**2 + 6*d - 20. Let q(b) = -6*g(b) + 7*u(b). Determine q(j).
-5
Let x(d) = -2*d + 8. Let z(m) = m**3 - 15*m**2 + 15*m - 8. Let w be z(14). Let g be x(w). Let k(b) = b**3 + 5*b**2 + 3*b - 3. What is k(g)?
1
Let t(o) = 2*o**2 - o - 1. Let p be t(2). Suppose -4 = -p*c + 1. Let n(i) = 20*i - 7. Let a(k) = 2*k - 1. Let y(w) = 6*a(w) - n(w). What is y(c)?
-7
Let s(a) be the third derivative of a**7/5040 + a**5/30 - 20*a**2. Let o(w) be the third derivative of s(w). Determine o(-6).
-6
Let h(k) = -11*k**2 + k - 2. Let r(v) = 25*v**2 - v + 3. Let b(s) = 9*h(s) + 4*r(s). Determine b(-6).
0
Let p(r) = r**2 + r + 1. Let o = 1049 + -1046. What is p(o)?
13
Let v(n) be the first derivative of -1/2*n**4 + 6 - 7/6*n**3 + 1/20*n**5 - 3*n - n**2. Let c(d) be the first derivative of v(d). Calculate c(7).
-2
Let h(a) be the first derivative of -21 + 3*a + 5/2*a**2. What is h(-3)?
-12
Let s(y) = -5*y + 5. Let q be -2 + (-4)/(1/(-1)) + -4. Give s(q).
15
Suppose 0 = 2*i - 5*n - 9, i = -0*i - 2*n. Let a(o) = o**2 - 5*o - 7. Let s(t) = 3*t**2 - 9*t - 13. Let z(h) = i*s(h) - 5*a(h). Let u = -7 - -1. Determine z(u).
3
Let b(a) = -a**3 + 7*a**2 - 6*a + 2. Let o be b(6). Let q(w) = w**o + 0 + 4*w - 1 - 2. Let k = -3471 - -3465. Give q(k).
9
Suppose 3 = -16*u + 17*u. Suppose 3*z = 2*j + 13 - 3, -4*j - u*z = -16. Let h(m) be the second derivative of m**3/6 - m**2/2 - m. Calculate h(j).
0
Let m(q) = q**3 + 4*q**2 + 4*q + 9. Let j = 506 - 510. What is m(j)?
-7
Let u(d) = 10*d - 32. Let o be u(5). Let m(c) = -4*c + c + 10*c - 8*c + o. Give m(0).
18
Let p be 10*(12/5 - 2). Let q(h) = 8*h + 5*h**2 - 3*h + 2 - p*h**2 - 3*h**2. Let j(t) = -t**3 - 5*t**2 + 4. Let m be j(-5). Calculate q(m).
-10
Let m(h) be the first derivative of h**5/20 + h**4/2 - 7*h**3/6 - 4*h**2 + 29*h - 23. Let z(u) be the first derivative of m(u). Give z(-7).
-8
Let h(i) = -2*i**2 - 5*i + 3. Let x = 736 + -741. Determine h(x).
-22
Let u(a) = -7*a**3 + 13*a**2 - 11*a + 28. Let z(n) = 5*n**3 - 13*n**2 + 8*n - 29. Let g(c) = 2*u(c) + 3*z(c). Give g(13).
-5
Suppose -6*g - 13*g = -4*g. Let v(k) = 7*k**3 + 5*k**2 + 7*k - 2. Let a(z) = -20*z**3 - 14*z**2 - 20*z + 7. Let c(i) = -6*a(i) - 17*v(i). Give c(g).
-8
Let p(m) be the first derivative of m**2/2 - m - 12. Give p(-5).
-6
Let n = -894 + 889. Let m(p) = 6*p + 4. Let c(g) = -3 + 0 - 2*g - 3*g. Let d(r) = 5*c(r) + 4*m(r). What is d(n)?
6
Let r(x) = -8*x + 64 - 95 + 10*x + 57. Give r(-10).
6
Suppose 9*r - 42 = 2*r. Let w(o) = -o**2 - 4*o + 11. Let n(t) = -2*t**2 - 3*t + 12. Let m(g) = 2*n(g) - 3*w(g). Calculate m(r).
-9
Let a(q) = q. Let v be (-6)/(-10) + (-26)/(-65). What is a(v)?
1
Let p(r) = -r - 3. Let c be p(0). Let y(l) = -4*l - 6. Let g(j) = -11*j - 17. Let w(h) = c*g(h) + 8*y(h). What is w(-6)?
-3
Let s(z) = -z**2 - 8*z - 7. Let d(w) = -w**3 + 12*w**2 - 11*w + 4. Let l be d(11). Suppose -6 = 2*y + l. What is s(y)?
8
Let b be 8/(-2) - (-176 + 169). Let v(t) be the first derivative of t**4/4 - 4*t**3/3 + 2*t**2 - t - 1. Determine v(b).
2
Let z(s) be the second derivative of s**5/60 + s**4/2 - 2*s**3/3 - 7*s. Let w(h) be the second derivative of z(h). Determine w(-8).
-4
Suppose -5*n + 4*q - 5 = 0, -2*n - 131*q + 128*q = 2. Let g(r) = 3*r**2 - r + 3 - 4 + 7*r**3 - 2*r**2. What is g(n)?
-6
Let c(z) = z**3 - 6*z**2 - 3*z - 3. Let h be c(5). Let w be (-8)/(-20) + h/(-5). Let o = w - 8. Let i(a) = 2*a**3 + a. Give i(o).
3
Suppose 3 = i - 0*i. Let z(l) = -3*l**i - l**2 + 1 + 0*l**2 - 4*l**3. Suppose -7*g = -11*g + 3*u - 11, 19 = 4*g + 3*u. Give z(g).
-7
Let p(r) = -r**2 + 8*r - 7. Let m be (-3)/(1/(-4)*2). Determine p(m).
5
Let p(v) be the first derivative of 1/4*v**4 + 4*v - 9 + 0*v**2 + 5/3*v**3. Determine p(-5).
4
Let o(i) = -33*i + 8 + 141*i - 46*i + i**2 - 33*i - 38*i. Determine o(6).
-10
Let u(a) be the second derivative of -a**5/20 - a**4/4 - a**3/6 + 3*a**2/2 + a + 43. Calculate u(-3).
6
Suppose -25*c - 30 = -35*c. Let f(i) be the third derivative of 1/24*i**4 - 2*i**2 + 0*i - 1/3*i**c + 0. What is f(-2)?
-4
Let t(a) = -2*a - 2. Let o be (-3)/(-2) + (0 - 23/2). Let w be ((-54)/36)/((-6)/16) + o. Calculate t(w).
10
Let f = 593 + -593. Let u(h) = h**3 - h + 6. Determine u(f).
6
Let l be (-8 - -2)/(-6) + 1. Let t(d) = -d**2 + 3*d + 2. Determine t(l).
4
Let l(q) = -2*q - 10. Let n be l(-8). Let s(k) = -n*k + 4*k + k. Suppose -5*h + 26 = -y, -4*h + 4*y - 11 = -7*h. Determine s(h).
-5
Let z = 24 - 22. Suppose g = z*g - 3*f - 16, -4*g = -4*f - 32. Let r(o) = -o**3 + 4*o**2 - 2*o + 5. Calculate r(g).
-3
Let r(n) = 4*n + 8. Let q(v) = -v**2 - v. Let i(g) = q(g) + r(g). Let o(y) = -y**2 + 4*y + 9. Let b(j) = 5*i(j) - 4*o(j). Calculate b(-4).
-8
Let l = -6 - -3. Let c(q) be the first derivative of q**5/60 + q**4/12 + 4*q**3 - 9. Let r(t) be the third derivative of c(t). Calculate r(l).
-4
Suppose 0 = w + 2*w + 3. Let v(c) be the first derivative of -1/2*c**2 - 1/3*c**3 + 0*c - 7. Give v(w).
0
Let b be (-385)/(-70) + (-3)/(3 - -3). Let m(i) = -2*i**2 + 11*i - 4. Determine m(b).
1
Let x = 13 - 15. Let j be -3*x/(-4 + 2). Let i(p) = p**2 + 1. Determine i(j).
10
Let r(c) = 2*c**2 + 16*c - 40. Let z be r(-10). Let p(o) = -o - 1. Let u be p(-1). Let g(b) = 1 + b - 5 + u*b**2 - b**2. What is g(z)?
-4
Let t(d) = 20*d - 10. Let x(j) = 9*j + 1. Let a(k) = t(k) - 2*x(k). Give a(8).
4
Let l(a) = 2*a - 6. Suppose 4*c - 20 = -0*k - k, -4*c + 28 = 3*k. Suppose -5*u + 3*t = -7, 9 = -2*u + k*u + 5*t. Suppose -25 = -3*m - u*m. Determine l(m).
4
Suppose -v + 2 + 0 = 0. Let l be (8 - -3) + (-1 - v). Suppose -l*k = -3*k. Let g(u) = u - 9. Give g(k).
-9
Let s(y) = y**2 - 9*y - 6. Let l be s(10). Suppose -5*j - 5 + 47 = 3*z, -4*z = l*j - 40. Let c(i) = 1 + 5 + i - 3*i**2 + 8*i**2 - i**3 - j*i**2. Calculate c(0).
6
Let l be 5/(-2)*84/(-5). Let d(x) = x - 42 + l. Give d(5).
5
Let i(z) = 6*z**3 + 2*z**2 - 8*z + 9. Let h(t) be the first derivative of -5*t**4/4 - 2*t**3/3 + 7*t**2/2 - 8*t + 7. Let j(w) = 7*h(w) + 6*i(w). Calculate j(2).
0
Let y(z) = -22*z - 12 - 14*z + 42*z + 1. What is y(2)?
1
Let b(y) = -y - 1. Let g be (12/(-8))/(3/8